on divisor of 188 and s?
47
Let b = -586 - -676. Calculate the greatest common divisor of 450 and b.
90
Suppose 37*v - 462 = 35*v. Let i be 230/26 - (-8)/52. Suppose 0 = q - 30 + i. Calculate the highest common factor of v and q.
21
Let a(d) = 4*d + 3. Let w be a(3). Suppose -6*i - 20 = -i. Let q be i/(-14) - (-3344)/56. What is the highest common divisor of w and q?
15
Let d be 6/36 - ((-358)/12 + -2). Let x = d + -3. What is the highest common factor of 58 and x?
29
Let l(x) = 2*x**2 + 47*x + 26. Let i be l(-24). Calculate the greatest common factor of 40 and i.
10
Suppose 2*f + 411 = 3*g, 7*f + 147 = g + 3*f. What is the greatest common factor of 54 and g?
27
Let r(f) = -10*f + 31 + 4*f + 8*f. Let s be r(-14). Suppose s*l = 12, w - 5*l - 134 = -w. Calculate the greatest common divisor of 11 and w.
11
Suppose -26*p = -31*p + 440. Suppose 2*b + p = 3*b. Suppose 16 = 4*x - 16. What is the greatest common factor of b and x?
8
Suppose -5*t - 684 = -4*x, 29*t - 20 = 24*t. Calculate the highest common divisor of 418 and x.
22
Let p = 159 - 90. Let k be 0/(-4*(-3)/6). Let v = 46 + k. What is the greatest common divisor of v and p?
23
Let m = -20 - -97. What is the highest common factor of m and 55?
11
Suppose 0 = -l - 4*l + 35. Let o be 1/(-4) + 58/8. What is the highest common divisor of l and o?
7
Let i be 9/(90/4) - 1292/(-20). Calculate the greatest common divisor of 50 and i.
5
Let i = 89 - 41. Let f(m) = m**2 - 3*m - 640. Let s be f(27). Calculate the highest common factor of s and i.
8
Let w be 800/44 - 32/176. Calculate the greatest common divisor of w and 342.
18
Let i(u) = -5*u**2 + 13*u - 4. Let x be i(5). Let c be (-8)/x + (-702)/(-16). What is the greatest common factor of c and 88?
44
Let q = 489 + -146. Suppose -6*o = q - 973. What is the greatest common factor of 42 and o?
21
Suppose 11*k + 1136 = 12*k. What is the greatest common divisor of k and 32?
16
Suppose 2*l - 14 = -6. Suppose -l*t = -f - 111, -t + 3*f + 9 = -27. Suppose -128*m = -97*m - 558. Calculate the greatest common factor of t and m.
9
Let h(x) = 34*x**3 + 94*x**2 - 193*x - 1. Let b be h(2). Let k(c) = 6*c - 7. Let i = 19 - 13. Let w be k(i). Calculate the greatest common divisor of b and w.
29
Let y = -128 + 131. Let z(j) = j**2 + j + 24. Let x be z(0). Calculate the greatest common divisor of y and x.
3
Suppose 5*n + 3*y - 686 = 0, -5*y - 534 = 24*n - 28*n. What is the highest common factor of n and 306?
34
Let p(d) = 14*d**2 + 3*d. Let n be p(-3). Let r(m) = 75*m + 3. Let w be r(1). Calculate the highest common factor of w and n.
39
Let u = 55 - 35. Suppose -3 = 11*l - 3. Suppose -4*w - 16 = l, -5*b + 4*b - 8 = 3*w. What is the highest common factor of u and b?
4
Let o = -5 + 9. Suppose 35*g - 45*g = -10. Calculate the highest common divisor of g and o.
1
Let a = -619 + 655. Calculate the greatest common factor of 63 and a.
9
Suppose -11*x + 50305 = 17921. What is the highest common divisor of 92 and x?
92
Suppose -4*g - d = -6, -g - 3*d = -d - 5. Let k be (9/(-6)*-94)/(5 + -2). Suppose 3*w = -23 + k. What is the highest common divisor of g and w?
1
Suppose 2*s - 4 - 4 = 0. Suppose -s*g + 23 = 3*l, 3*l = g - 4 + 32. Suppose 2*j - 7 = c + l, -j + 13 = -3*c. What is the greatest common factor of j and 63?
7
Let u be 4/2 + -4 + 31. Calculate the greatest common divisor of 232 and u.
29
Let u(b) = -b**3 - 9*b**2 - 13*b + 17. Let f be u(-7). Let q be 2 + 2/2*23. What is the highest common factor of q and f?
5
Let t(x) = -6*x - 4. Let z be t(-6). Suppose 0 = -7*w + 4*w + 3. Let p be (w - (-27)/(-21))*-14. Calculate the highest common factor of p and z.
4
Let f = -8 - -86. What is the highest common factor of 1092 and f?
78
Suppose -14*w = -11*w - 72. Suppose -g = -21 - w. What is the greatest common divisor of g and 30?
15
Suppose 0 = -6*h + 5*h + 14. Let g(r) = -2*r**2 - 27*r + 52. Let z be g(-15). Calculate the greatest common factor of h and z.
7
Let q(j) = -3*j**3 - 13*j**2 - 11*j - 40. Let z be q(-7). What is the highest common divisor of 66 and z?
33
Let q = 43 - 41. Suppose -x + q = 4*r + 1, 0 = -4*r. Suppose 2*m - 29 = -5*u, -u - 3*m = u - 5. What is the greatest common divisor of x and u?
1
Let n = 40 - -122. Let a = 274 - n. Let v = -26 + 42. Calculate the highest common divisor of v and a.
16
Let i = 99 - 70. What is the highest common factor of 261 and i?
29
Let o = -947 + 1012. What is the greatest common factor of 221 and o?
13
Let x(b) = 6*b - 43. Let l be x(14). Let v = -36 + l. What is the highest common factor of 10 and v?
5
Suppose 4*m + 117 = 17*m. Suppose 0 = -2*k - 3*k + 30. Calculate the highest common factor of k and m.
3
Suppose -40*l + 5030 - 62 = 29*l. Let k = -12 + 21. Calculate the highest common factor of k and l.
9
Suppose 143*u - 156*u + 26 = 0. What is the highest common divisor of u and 98?
2
Let l(c) = 18*c - 4*c + 39*c + 4*c. Let w be l(3). Let n = 64 - 45. Calculate the greatest common factor of n and w.
19
Let n(s) = s**3 - 13*s**2 - 43*s + 13. Let p be n(16). What is the greatest common factor of 31 and p?
31
Suppose -23 = o - 3*q - 2*q, -q = -2*o - 1. Suppose 24*u = 20*u + 16. What is the highest common divisor of u and o?
2
Suppose 2*y = 3*y + 5*o - 26, 4*y + 5*o = 29. Let r be (-2)/4*(-4)/y. What is the greatest common divisor of r and 6?
2
Let n(c) = c**2 + 4*c + 10. Let t be n(-3). Let o(r) = 2*r**2 + 4*r - 2. Let s be o(-5). What is the greatest common factor of s and t?
7
Let f(r) = -2*r + 22. Let t(g) = 2*g**3 + 8*g**2 + g - 7. Let b be t(-3). Let d be f(b). Calculate the highest common divisor of d and 6.
6
Let q = -137 + 239. Suppose -95*z + 88*z + 1785 = 0. What is the greatest common factor of z and q?
51
Let n = 871 - 322. What is the greatest common factor of 18 and n?
9
Let x = 89 + -82. Calculate the greatest common divisor of 189 and x.
7
Suppose -4*t + 13 = 2*k - k, -5*t + 15 = 0. Let l be 6 + -1 - (k + 0). Let f be (-2)/(((-6)/5)/6). What is the greatest common factor of f and l?
2
Let r(y) be the first derivative of -2*y**2 - 19. Let i be r(-2). What is the highest common factor of i and 12?
4
Suppose 4*i + k - 1557 = 0, i - 5*k = 137 + 247. Let t = -165 + i. Let d be 4/6 - 164/(-6). What is the greatest common factor of t and d?
28
Suppose 5*w = -0 + 15. Suppose 0 = -6*u + w*u + 48. What is the highest common factor of 16 and u?
16
Let z = -1928 - -1970. Calculate the highest common factor of z and 602.
14
Let l = -142 + 142. Let f(w) = -14*w + 189. Let t be f(l). What is the greatest common divisor of t and 27?
27
Let x be ((-40)/(-50))/((-2)/30). Let r = -11 - x. What is the highest common divisor of r and 11?
1
Let a be (-13)/520*-8 + 4258/10. Calculate the greatest common divisor of 12 and a.
6
Let g = -25 + -58. Let m = g - -88. What is the highest common divisor of 15 and m?
5
Suppose 29 = o + 2*i + 2*i, 23 = o + 2*i. Suppose 0 = 3*l - 7 - o. Let u be (-194)/(-6) - l/(-12). What is the greatest common factor of 3 and u?
3
Let q(c) = -3*c**2 + 2*c. Let v be q(4). Let n = v - -136. Let w be (3/9)/(4/n). Calculate the highest common divisor of 12 and w.
4
Let v(h) = h**3 + h**2 + 23*h + 10. Let f be v(6). Calculate the greatest common factor of 25 and f.
25
Let h be 64/6*7*45/210. Let u = -6 + 22. Calculate the greatest common factor of h and u.
16
Suppose 2*h - 4 - 36 = -4*i, 4*h - 28 = 5*i. Calculate the greatest common divisor of 42 and h.
6
Let p be (-336)/(-7) + (-2*1 - 2). Let y be 55*2/(-5)*-1. Calculate the greatest common divisor of y and p.
22
Let k be (-2 - (-42)/18)*57. Let l(m) = m**2 + 4*m - 1. Let d be l(-6). Suppose -3*g + d + 160 = 0. Calculate the greatest common factor of k and g.
19
Let f(a) = a**2 - 6*a + 21. Let w be f(-15). Let x = w - 232. Calculate the highest common divisor of x and 26.
26
Let o(m) = 9*m**2 + 47*m - 25. Let y be o(-6). Calculate the greatest common factor of y and 3077.
17
Suppose 0 = f + h + 147, -4*h + 406 = -3*f - 0*h. Let n = -58 - f. Calculate the highest common factor of 21 and n.
21
Let d be (26/(-8))/((-2)/8). Suppose -d = -4*x - 17. Let g be 1/x*(-1 + -5). Calculate the greatest common factor of 66 and g.
6
Let h be (-14)/(-7) - (-1 + 4). Let u be 3*81 - (4 + h). Suppose -5*c - 60 + u = 0. What is the highest common divisor of c and 18?
18
Suppose -3*r 